9717 a prime number?
False
Is 2658553 prime?
True
Is 41127323 a composite number?
False
Is 2623694 a composite number?
True
Is 2059879 prime?
True
Is 3514409 composite?
False
Is 100933291 a composite number?
False
Is 221315953 composite?
False
Is 47769142 a prime number?
False
Is 610512389 a composite number?
True
Is 167150909 prime?
True
Is 17791817 a prime number?
True
Is 18885863 composite?
True
Is 67186267 a composite number?
False
Is 13675009 prime?
True
Is 2630237 a prime number?
True
Is 22964867 a composite number?
False
Is 11821543 a prime number?
True
Is 631979 a composite number?
False
Is 11344339 composite?
False
Is 1043269 a prime number?
False
Is 130484371 composite?
False
Is 99021899 a prime number?
True
Is 69400547 a composite number?
True
Is 75618097 composite?
False
Is 25571179 a prime number?
False
Is 7502743 composite?
True
Is 10253389 prime?
True
Is 46932397 a prime number?
False
Is 2831729 composite?
False
Is 3119077 a prime number?
False
Is 39721189 prime?
True
Is 17815783 composite?
False
Is 122926519 a composite number?
False
Is 35657822 a prime number?
False
Is 5145389 a prime number?
True
Is 1521361 prime?
True
Is 28974237 a prime number?
False
Is 1474787 a composite number?
False
Is 833507677 prime?
True
Is 3640409 a prime number?
True
Is 12397249 prime?
True
Is 21488287 a prime number?
False
Is 30773 prime?
True
Is 1024189 composite?
False
Is 6167593 composite?
True
Is 24648583 a composite number?
False
Is 227992889 prime?
True
Is 50489709 a prime number?
False
Is 152089 a prime number?
False
Is 3178246 prime?
False
Is 6930947 prime?
True
Is 182839 prime?
True
Is 25544791 prime?
False
Is 86010203 a prime number?
True
Is 309102281 prime?
False
Is 252081101 a composite number?
False
Is 5610947 prime?
False
Is 26319647 a prime number?
False
Is 3252763 composite?
True
Is 32729523 a composite number?
True
Is 18489181 a prime number?
False
Is 70572353 a composite number?
True
Is 25912589 a composite number?
False
Is 10712437 composite?
False
Is 6997791 composite?
True
Is 13694543 composite?
False
Is 22204867 prime?
False
Is 2364407 a prime number?
True
Is 17845697 a composite number?
True
Is 93073909 a prime number?
True
Is 65753785 a composite number?
True
Is 318551 prime?
False
Is 927283 composite?
True
Is 2398471 prime?
True
Is 18334763 a composite number?
True
Is 10215455 a composite number?
True
Is 9034471 composite?
False
Is 6984689 prime?
True
Is 51954053 composite?
False
Is 31683589 prime?
False
Is 30592123 composite?
False
Is 751609 composite?
False
Is 269281 a prime number?
True
Is 1344457 prime?
True
Is 47596427 prime?
True
Is 13695023 a prime number?
False
Is 6910901 a prime number?
True
Is 9607909 composite?
False
Is 158715703 composite?
True
Is 1324943 a prime number?
False
Is 980621 prime?
True
Is 5975111 composite?
False
Is 46873013 prime?
False
Is 107317138 a composite number?
True
Is 2246927 composite?
False
Is 111544133 a prime number?
False
Is 189379415 composite?
True
Is 4068589 prime?
False
Is 16559669 composite?
True
Is 362966991 a prime number?
False
Is 173102291 a prime number?
True
Is 10560593 prime?
True
Is 94058213 prime?
False
Is 955045167 a composite number?
True
Is 89181619 prime?
True
Is 354161921 a prime number?
True
Is 73325561 a composite number?
False
Is 1093373 prime?
False
Is 30912881 a composite number?
True
Is 34133669 a prime number?
True
Is 5274091 a composite number?
True
Is 15061217 a prime number?
False
Is 14673667 prime?
True
Is 11054717 a prime number?
False
Is 20355271 prime?
True
Is 98427103 composite?
False
Is 132269 composite?
True
Is 1841233 prime?
False
Is 69352967 a composite number?
True
Is 125941 a prime number?
True
Is 35167201 a composite number?
False
Is 38170973 prime?
True
Is 1068623 prime?
False
Is 5881159 composite?
False
Is 235055777 a composite number?
True
Is 666251 composite?
True
Is 30018047 a composite number?
False
Is 7415999 a composite number?
True
Is 81621817 a prime number?
True
Is 1290150739 a composite number?
False
Is 1109373 a composite number?
True
Is 28431641 prime?
False
Is 522973 a composite number?
True
Is 42428237 a prime number?
True
Is 362333 composite?
False
Is 2405471 prime?
False
Is 65740643 composite?
False
Is 107846015 a prime number?
False
Is 360065059 a composite number?
False
Is 23492758 a prime number?
False
Is 844957 a composite number?
False
Is 53621831 a composite number?
False
Is 161327 a prime number?
False
Is 114740809 prime?
False
Is 182628479 a composite number?
True
Is 29975423 composite?
True
Is 523711 prime?
False
Is 6002273 prime?
True
Is 162871001 composite?
False
Is 50896019 composite?
False
Is 150011 prime?
True
Is 11753827 a composite number?
True
Is 40256161 a prime number?
False
Is 8823083 a composite number?
True
Is 93399223 composite?
True
Is 40442366 composite?
True
Is 722540671 a composite number?
False
Is 8205243 composite?
True
Is 38314301 a composite number?
False
Is 9146479 prime?
False
Is 3004787 a prime number?
True
Is 37945667 prime?
True
Is 15628141 a composite number?
False
Is 26649983 a composite number?
False
Is 4234271 a composite number?
False
Is 4228283 composite?
True
Is 8605 composite?
True
Is 2036759 prime?
False
Is 781351 composite?
False
Is 6970247 a prime number?
True
Is 47888887 a composite number?
False
Is 4412393 a composite number?
False
Is 34190833 composite?
False
Is 206607119 prime?
True
Is 82514143 a prime number?
True
Is 1061033 a prime number?
True
Is 2599451 prime?
True
Is 15315647 a prime number?
True
Is 1751453 prime?
False
Is 75637483 prime?
False
Is 11731121 a prime number?
False
Is 10996393 prime?
True
Is 4954487 a composite number?
False
Is 70488221 composite?
True
Is 68472137 a prime number?
False
Is 100248611 prime?
False
Is 4707047 prime?
False
Is 9857317 a composite number?
True
Is 15973211 composite?
False
Is 1179247937 a composite number?
True
Is 16116757 prime?
False
Is 3759785 a composite number?
True
Is 11478989 composite?
False
Is 16034819 prime?
True
Is 14107497 a prime number?
False
Is 9801031 composite?
False
Is 27155717 prime?
True
Is 1253489 prime?
False
Is 12108139 a prime number?
False
Is 40689953 a prime number?
True
Is 27645879 prime?
False
Is 11792321 composite?
True
Is 2050141 prime?
True
Is 3828769 a prime number?
False
Is 2096987 a composite number?
False
Is 20407895 composite?
True
Is 1012958 prime?
False
Is 261636887 a composite number?
False
Is 473194529 prime?
True
Is 91211431 a prime number?
False
Is 18053291 composite?
False
Is 191610851 composite?
False
Is 260947319 a composite number?
False
Is 1236827 composite?
False
Is 11492501 a composite number?
False
Is 20019577 prime?
True
Is 40844981 prime?
True
Is 2941607 prime?
True
Is 50361 a prime number?
False
Is 18247039 prime?
True
Is 27935003 a prime number?
True
Is 67070077 prime?
False
Is 62262077 a composite number?
True
Is 27392939 prime?
False
Is 16528951 a prime number?
False
Is 1369405 a prime number?
False
Is 1526611 composite?
False
Is 421627 prime?
False
Is 5595511 composite?
True
Is 190279 a composite number?
True
Is 795519587 composite?
False
Is 4587731 prime?
True
Is 88822399 a composite number?
True
Is 293465 composite?
True
Is 70977031 a prime number?
False
Is 67647095 prime?
False
Is 34989467 prime?
False
Is 15879713 a composite number?
False
Is 224919941 a prime number?
True
Is 1422069923 a composite number?
True
Is 39596239 composite?
False
Is 9202331 a prime number?
False
Is 2716951 prime?
True
Is 19491047 composite?
False
Is 812731541 composite?
True
Is 14633471 prime?
False
Is 14281 a composite number?
False
Is 237680537 a prime number?
True
Is 5022349 a prime number?
False
Is 11505401 a prime number?
True
Is 68955953 a composite number?
True
Is 640993 prime?
True
Is 38714527 composite?
True
Is 53594498 prime?
False
Is 54779653 prime?
False
Is 278501879 composite?
False
Is 12902353 a composite number?
True
Is 18897829 composite?
True
Is 48400243 a composite number?
False
Is 9217321 a composite number?
False
Is 5916917 prime?
False
Is 55208497 composite?
False
Is 127540981 a composite number?
True
Is 172847 a prime number?
False
Is 1016641 a composite number?
False
Is 43814093 a composite number?
True
Is 7742919 a prime number?
False
Is 46953785 prime?
False
Is 566361